{"id":2,"date":"2016-05-10T03:48:21","date_gmt":"2016-05-10T03:48:21","guid":{"rendered":"http:\/\/wp452m.a10-52-158-154.qa.plesk.ru\/wordpress\/?page_id=2"},"modified":"2025-03-26T15:04:10","modified_gmt":"2025-03-26T14:04:10","slug":"sample-page","status":"publish","type":"page","link":"https:\/\/xn--hrsaal-suderburg-mwb.de\/","title":{"rendered":"Willkommen"},"content":{"rendered":"\n<div class=\"wp-block-columns is-layout-flex wp-container-core-columns-is-layout-9d6595d7 wp-block-columns-is-layout-flex\">\n<div class=\"wp-block-column is-layout-flow wp-block-column-is-layout-flow\"><\/div>\n\n\n\n<div class=\"wp-block-column is-layout-flow wp-block-column-is-layout-flow\"><\/div>\n<\/div>\n\n\n<p>Herzlich willkommen beim\u00a0<strong>H\u00f6rsaal Suderburg<\/strong>.<\/p>\n<p>Mitten im alten Kern von Suderburg steht \u2013 umgeben von Fachwerkh\u00e4usern, gro\u00dfen G\u00e4rten und Weiden \u2013 die Musikschule. Im Jahr 1960 wurde das Geb\u00e4ude als Tischlerei errichtet. Viele Jahre diente es als Feinmechanik-Werkstatt, ehe Jan Kukureit es 2007 als Musikschule herrichtete.<\/p>\n<p>Einzelne Lesungen und Konzerte gab es auch schon in den ersten Jahren. Der Start f\u00fcr das regelm\u00e4\u00dfige Kleinkunst-Programm \u00bbH\u00f6rsaal\u00ab ist anl\u00e4\u00dflich des zehnj\u00e4hrigen Jubil\u00e4ums der Musikschule gefallen. Bis zu f\u00fcnfzig Zuh\u00f6rer genie\u00dfen, was Musiker, Comedians und Schriftsteller auf die B\u00fchne bringen.<\/p>\n<p>Und wie kommen Sie an <strong>Karten<\/strong>?<br \/>Bitte reservieren Sie Ihre Karten schon eine Weile im Voraus. Das gibt uns als Veranstalter Sicherheit in der Planung und den K\u00fcnstlern das gute Gef\u00fchl, auf ein interessiertes Publikum zu treffen:<br \/><strong>\u2706 0 58 26\/95 89 30<\/strong><br \/><strong>&#x2709;\ufe0e info(at)h\u00f6rsaal-suderburg.de<br \/><\/strong>Dar\u00fcber hinaus haben Sie die M\u00f6glichkeit, Restkarten an der Abendkasse zu erwerben. Wir \u00f6ffnen die Kasse 45 Minuten vor Veranstaltungsbeginn.<\/p>\n<p>M\u00f6chten Sie freundlich auf bevorstehende Veranstaltungen hingewiesen werden? Dann melden Sie sich f\u00fcr unseren <strong>Rundbrief<\/strong> an. Dazu tragen Sie unten auf dieser Seite Ihre Mailadresse ein und best\u00e4tigen Ihre Anmeldung anschlie\u00dfend noch in der Anmeldemail, die Sie von uns bekommen. (In Verbindung mit gmx-Adressen kommt es zur Zeit zu Problemen.)<\/p>\n<p>Tanja und Jan Kukureit<\/p>\n\n\n<figure class=\"wp-block-gallery has-nested-images columns-default is-cropped wp-block-gallery-1 is-layout-flex wp-block-gallery-is-layout-flex\">\n<figure class=\"wp-block-image size-large\"><img loading=\"lazy\" decoding=\"async\" width=\"1024\" height=\"1024\" data-id=\"182\" src=\"https:\/\/xn--hrsaal-suderburg-mwb.de\/wp-content\/uploads\/2019\/07\/Saal-1024x1024.jpg\" alt=\"\" class=\"wp-image-182\" srcset=\"https:\/\/xn--hrsaal-suderburg-mwb.de\/wp-content\/uploads\/2019\/07\/Saal-1024x1024.jpg 1024w, https:\/\/xn--hrsaal-suderburg-mwb.de\/wp-content\/uploads\/2019\/07\/Saal-150x150.jpg 150w, https:\/\/xn--hrsaal-suderburg-mwb.de\/wp-content\/uploads\/2019\/07\/Saal-300x300.jpg 300w, https:\/\/xn--hrsaal-suderburg-mwb.de\/wp-content\/uploads\/2019\/07\/Saal-768x768.jpg 768w, https:\/\/xn--hrsaal-suderburg-mwb.de\/wp-content\/uploads\/2019\/07\/Saal-100x100.jpg 100w\" sizes=\"auto, (max-width: 767px) 89vw, (max-width: 1000px) 54vw, (max-width: 1071px) 543px, 580px\" \/><figcaption class=\"wp-element-caption\">H\u00f6rsaal Suderburg<\/figcaption><\/figure>\n\n\n\n<figure class=\"wp-block-image size-large\"><img loading=\"lazy\" decoding=\"async\" width=\"768\" height=\"1024\" data-id=\"216\" src=\"https:\/\/xn--hrsaal-suderburg-mwb.de\/wp-content\/uploads\/2019\/09\/Terrassse-768x1024.jpeg\" alt=\"\" class=\"wp-image-216\" srcset=\"https:\/\/xn--hrsaal-suderburg-mwb.de\/wp-content\/uploads\/2019\/09\/Terrassse-768x1024.jpeg 768w, https:\/\/xn--hrsaal-suderburg-mwb.de\/wp-content\/uploads\/2019\/09\/Terrassse-225x300.jpeg 225w\" sizes=\"auto, (max-width: 767px) 89vw, (max-width: 1000px) 54vw, (max-width: 1071px) 543px, 580px\" \/><figcaption class=\"wp-element-caption\">H\u00f6rsaal Suderburg<\/figcaption><\/figure>\n<\/figure>\n\n\n\n<p><\/p>\n","protected":false},"excerpt":{"rendered":"<p>Herzlich willkommen beim\u00a0H\u00f6rsaal Suderburg. Mitten im alten Kern von Suderburg steht \u2013 umgeben von Fachwerkh\u00e4usern, gro\u00dfen G\u00e4rten und Weiden \u2013 die Musikschule. Im Jahr 1960 wurde das Geb\u00e4ude als Tischlerei errichtet. Viele Jahre diente es als Feinmechanik-Werkstatt, ehe Jan Kukureit es 2007 als Musikschule herrichtete. Einzelne Lesungen und Konzerte gab es auch schon in den &hellip; <\/p>\n<p class=\"link-more\"><a href=\"https:\/\/xn--hrsaal-suderburg-mwb.de\/\" class=\"more-link\"><span class=\"screen-reader-text\">\u201eWillkommen\u201c <\/span>weiterlesen<\/a><\/p>\n","protected":false},"author":1,"featured_media":0,"parent":0,"menu_order":0,"comment_status":"closed","ping_status":"open","template":"","meta":{"footnotes":""},"class_list":["post-2","page","type-page","status-publish","hentry"],"_links":{"self":[{"href":"https:\/\/xn--hrsaal-suderburg-mwb.de\/index.php?rest_route=\/wp\/v2\/pages\/2","targetHints":{"allow":["GET"]}}],"collection":[{"href":"https:\/\/xn--hrsaal-suderburg-mwb.de\/index.php?rest_route=\/wp\/v2\/pages"}],"about":[{"href":"https:\/\/xn--hrsaal-suderburg-mwb.de\/index.php?rest_route=\/wp\/v2\/types\/page"}],"author":[{"embeddable":true,"href":"https:\/\/xn--hrsaal-suderburg-mwb.de\/index.php?rest_route=\/wp\/v2\/users\/1"}],"replies":[{"embeddable":true,"href":"https:\/\/xn--hrsaal-suderburg-mwb.de\/index.php?rest_route=%2Fwp%2Fv2%2Fcomments&post=2"}],"version-history":[{"count":56,"href":"https:\/\/xn--hrsaal-suderburg-mwb.de\/index.php?rest_route=\/wp\/v2\/pages\/2\/revisions"}],"predecessor-version":[{"id":673,"href":"https:\/\/xn--hrsaal-suderburg-mwb.de\/index.php?rest_route=\/wp\/v2\/pages\/2\/revisions\/673"}],"wp:attachment":[{"href":"https:\/\/xn--hrsaal-suderburg-mwb.de\/index.php?rest_route=%2Fwp%2Fv2%2Fmedia&parent=2"}],"curies":[{"name":"wp","href":"https:\/\/api.w.org\/{rel}","templated":true}]}}

<div class="wp-block-columns is-layout-flex wp-container-core-columns-is-layout-9d6595d7 wp-block-columns-is-layout-flex">
<div class="wp-block-column is-layout-flow wp-block-column-is-layout-flow"></div>



<div class="wp-block-column is-layout-flow wp-block-column-is-layout-flow"></div>
</div>


<p>Herzlich willkommen beim <strong>Hörsaal Suderburg</strong>.</p>
<p>Mitten im alten Kern von Suderburg steht – umgeben von Fachwerkhäusern, großen Gärten und Weiden – die Musikschule. Im Jahr 1960 wurde das Gebäude als Tischlerei errichtet. Viele Jahre diente es als Feinmechanik-Werkstatt, ehe Jan Kukureit es 2007 als Musikschule herrichtete.</p>
<p>Einzelne Lesungen und Konzerte gab es auch schon in den ersten Jahren. Der Start für das regelmäßige Kleinkunst-Programm »Hörsaal« ist anläßlich des zehnjährigen Jubiläums der Musikschule gefallen. Bis zu fünfzig Zuhörer genießen, was Musiker, Comedians und Schriftsteller auf die Bühne bringen.</p>
<p>Und wie kommen Sie an <strong>Karten</strong>?<br />Bitte reservieren Sie Ihre Karten schon eine Weile im Voraus. Das gibt uns als Veranstalter Sicherheit in der Planung und den Künstlern das gute Gefühl, auf ein interessiertes Publikum zu treffen:<br /><strong>✆ 0 58 26/95 89 30</strong><br /><strong>&#x2709;︎ info(at)hörsaal-suderburg.de<br /></strong>Darüber hinaus haben Sie die Möglichkeit, Restkarten an der Abendkasse zu erwerben. Wir öffnen die Kasse 45 Minuten vor Veranstaltungsbeginn.</p>
<p>Möchten Sie freundlich auf bevorstehende Veranstaltungen hingewiesen werden? Dann melden Sie sich für unseren <strong>Rundbrief</strong> an. Dazu tragen Sie unten auf dieser Seite Ihre Mailadresse ein und bestätigen Ihre Anmeldung anschließend noch in der Anmeldemail, die Sie von uns bekommen. (In Verbindung mit gmx-Adressen kommt es zur Zeit zu Problemen.)</p>
<p>Tanja und Jan Kukureit</p>


<figure class="wp-block-gallery has-nested-images columns-default is-cropped wp-block-gallery-1 is-layout-flex wp-block-gallery-is-layout-flex">
<figure class="wp-block-image size-large"><img loading="lazy" decoding="async" width="1024" height="1024" data-id="182" src="https://xn--hrsaal-suderburg-mwb.de/wp-content/uploads/2019/07/Saal-1024x1024.jpg" alt="" class="wp-image-182" srcset="https://xn--hrsaal-suderburg-mwb.de/wp-content/uploads/2019/07/Saal-1024x1024.jpg 1024w, https://xn--hrsaal-suderburg-mwb.de/wp-content/uploads/2019/07/Saal-150x150.jpg 150w, https://xn--hrsaal-suderburg-mwb.de/wp-content/uploads/2019/07/Saal-300x300.jpg 300w, https://xn--hrsaal-suderburg-mwb.de/wp-content/uploads/2019/07/Saal-768x768.jpg 768w, https://xn--hrsaal-suderburg-mwb.de/wp-content/uploads/2019/07/Saal-100x100.jpg 100w" sizes="auto, (max-width: 767px) 89vw, (max-width: 1000px) 54vw, (max-width: 1071px) 543px, 580px" /><figcaption class="wp-element-caption">Hörsaal Suderburg</figcaption></figure>



<figure class="wp-block-image size-large"><img loading="lazy" decoding="async" width="768" height="1024" data-id="216" src="https://xn--hrsaal-suderburg-mwb.de/wp-content/uploads/2019/09/Terrassse-768x1024.jpeg" alt="" class="wp-image-216" srcset="https://xn--hrsaal-suderburg-mwb.de/wp-content/uploads/2019/09/Terrassse-768x1024.jpeg 768w, https://xn--hrsaal-suderburg-mwb.de/wp-content/uploads/2019/09/Terrassse-225x300.jpeg 225w" sizes="auto, (max-width: 767px) 89vw, (max-width: 1000px) 54vw, (max-width: 1071px) 543px, 580px" /><figcaption class="wp-element-caption">Hörsaal Suderburg</figcaption></figure>
</figure>



<p></p>

<p>Herzlich willkommen beim Hörsaal Suderburg. Mitten im alten Kern von Suderburg steht – umgeben von Fachwerkhäusern, großen Gärten und Weiden – die Musikschule. Im Jahr 1960 wurde das Gebäude als Tischlerei errichtet. Viele Jahre diente es als Feinmechanik-Werkstatt, ehe Jan Kukureit es 2007 als Musikschule herrichtete. Einzelne Lesungen und Konzerte gab es auch schon in den &hellip; </p>
<p class="link-more"><a href="https://xn--hrsaal-suderburg-mwb.de/" class="more-link"><span class="screen-reader-text">„Willkommen“ </span>weiterlesen</a></p>
