{"id":15,"date":"2017-03-04T16:04:00","date_gmt":"2017-03-04T15:04:00","guid":{"rendered":"http:\/\/xn--hrsaal-suderburg-mwb.de\/?page_id=15"},"modified":"2026-03-14T12:44:57","modified_gmt":"2026-03-14T11:44:57","slug":"programm","status":"publish","type":"page","link":"https:\/\/xn--hrsaal-suderburg-mwb.de\/?page_id=15","title":{"rendered":"Programm"},"content":{"rendered":"\n<figure class=\"wp-block-image size-large\"><a href=\"https:\/\/www.inkameyer.de\" target=\"_blank\" rel=\" noreferrer noopener\"><img loading=\"lazy\" decoding=\"async\" width=\"1024\" height=\"768\" src=\"https:\/\/xn--hrsaal-suderburg-mwb.de\/wp-content\/uploads\/2025\/03\/Inka-Meyer_Highway-to-Health_1_quer_RGB-1024x768.jpg\" alt=\"\" class=\"wp-image-654\" srcset=\"https:\/\/xn--hrsaal-suderburg-mwb.de\/wp-content\/uploads\/2025\/03\/Inka-Meyer_Highway-to-Health_1_quer_RGB-1024x768.jpg 1024w, https:\/\/xn--hrsaal-suderburg-mwb.de\/wp-content\/uploads\/2025\/03\/Inka-Meyer_Highway-to-Health_1_quer_RGB-300x225.jpg 300w, https:\/\/xn--hrsaal-suderburg-mwb.de\/wp-content\/uploads\/2025\/03\/Inka-Meyer_Highway-to-Health_1_quer_RGB-768x576.jpg 768w, https:\/\/xn--hrsaal-suderburg-mwb.de\/wp-content\/uploads\/2025\/03\/Inka-Meyer_Highway-to-Health_1_quer_RGB-1536x1152.jpg 1536w, https:\/\/xn--hrsaal-suderburg-mwb.de\/wp-content\/uploads\/2025\/03\/Inka-Meyer_Highway-to-Health_1_quer_RGB-2048x1536.jpg 2048w\" sizes=\"auto, (max-width: 767px) 89vw, (max-width: 1000px) 54vw, (max-width: 1071px) 543px, 580px\" \/><\/a><figcaption class=\"wp-element-caption\">Inka Meyer (\u00a9 Inka Meyer\/Simon B\u00fcttner)<\/figcaption><\/figure>\n\n\n\n<h2 class=\"wp-block-heading\"><strong><mark style=\"background-color:rgba(0, 0, 0, 0)\" class=\"has-inline-color has-vivid-red-color\">Highway to Health<\/mark><\/strong><\/h2>\n\n\n\n<p><strong>Samstag, 25. April 2026 \u2022 19.30 Uhr<\/strong><\/p>\n\n\n\n<p>Karten zu 23 Euro<\/p>\n\n\n\n<p>Wie hei\u00dft es so sch\u00f6n? Lieber 30 Minuten erben als 30 Jahre arbeiten. Auch Inka Meyer hat von ihrer Gro\u00dfmutter so einiges geerbt: Neben funkelnden Augen und spr\u00fchendem Witz leider auch ein Immunsystem, das im Kampf gegen Krankheiten eher Pazifist ist. Schon ihr halbes Leben d\u00fcst die Kabarettistin kometengleich durch das Sonnen- und Gesundheitssystem: per Anhalter durch die Praxis.<\/p>\n\n\n\n<p>So ist das: Unser Schicksal steckt oft in unseren Genen. Wenn Sie keine Kinder haben, werden Ihre Kinder auch keine Kinder haben. Was soll man machen? Das Leben entspringt einer Zelle und endet manchmal auch in einer. Kann man dem eigenen Stammbaum \u00fcberhaupt entkommen? Ja! \u00bbDenn wer nicht an Wunder glaubt, ist kein Realist\u00ab, lautet Meyers entschlossenes Credo!<\/p>\n\n\n\n<p>Und so begibt sich die mit Nordseewasser getaufte Meerschaumgeborene auf eine abenteuerliche Expedition nach den Wurzeln ihrer Familie, die neben Friesland eine aufregende Bandbreite an Migrationsgeschichten aufweist. Mit dem Udo-J\u00fcrgens-Schlager \u00bbIch war noch niemals in Stettin\u00ab auf den Lippen reist sie wi\u00dfbegierig zum ersten Mal in ihrem Leben nach Polen \u2013 genauer ins ehemals deutsche Pommerland. Im kleinen Ort Jasenitz beginnt eine kontrollverlustige Suche nach dem Haus ihrer Urgro\u00dfeltern, bei der eine \u00dcbersetzungs-App im Dialog unabdingbar wird: So ist Inka Meyer f\u00fcr die Dorfbewohner eine Attraktion \u2013 und die Einheimischen f\u00fcr Inka Meyer.<\/p>\n\n\n\n<p>Was genau sie am Ende ihrer Reise durch das ehemalige Pommern findet, wird nat\u00fcrlich nicht vorab verraten. Nur so viel: Ihre Kabarettshow gleicht einem chirurgischen Eingriff, einer \u00bbInkavention\u00ab, die das k\u00f6rperliche und seelische Wohlbefinden aller Zuschauenden verbessern wird. Denn wer gesund sein will, mu\u00df lachen! Und an erster Stelle ihrer humoristischen Reiseapotheke steht: \u00bbWenn ihr selbst nichts zu lachen habt, dann lacht \u00fcber mich!\u00ab Aber Vorsicht: Diese Person ist hochansteckend!<\/p>\n\n\n\n<p>Also: Maik\u00e4fer flieg \u2013 aber bitte ins Kabarett!<\/p>\n\n\n\n<hr class=\"wp-block-separator has-alpha-channel-opacity\"\/>\n\n\n\n<figure class=\"wp-block-image size-large\"><a href=\"http:\/\/wieland-meinhold.de\/index.html\" target=\"_blank\" rel=\" noreferrer noopener\"><img loading=\"lazy\" decoding=\"async\" width=\"1024\" height=\"683\" src=\"https:\/\/xn--hrsaal-suderburg-mwb.de\/wp-content\/uploads\/2025\/11\/DuoVimaris_AxelNeumann-1024x683.jpg\" alt=\"\" class=\"wp-image-742\" srcset=\"https:\/\/xn--hrsaal-suderburg-mwb.de\/wp-content\/uploads\/2025\/11\/DuoVimaris_AxelNeumann-1024x683.jpg 1024w, https:\/\/xn--hrsaal-suderburg-mwb.de\/wp-content\/uploads\/2025\/11\/DuoVimaris_AxelNeumann-300x200.jpg 300w, https:\/\/xn--hrsaal-suderburg-mwb.de\/wp-content\/uploads\/2025\/11\/DuoVimaris_AxelNeumann-768x512.jpg 768w, https:\/\/xn--hrsaal-suderburg-mwb.de\/wp-content\/uploads\/2025\/11\/DuoVimaris_AxelNeumann.jpg 1204w\" sizes=\"auto, (max-width: 767px) 89vw, (max-width: 1000px) 54vw, (max-width: 1071px) 543px, 580px\" \/><\/a><figcaption class=\"wp-element-caption\">Duo Vimaris (\u00a9 Axel Neumann)<\/figcaption><\/figure>\n\n\n\n<h2 class=\"wp-block-heading\"><strong><mark style=\"background-color:rgba(0, 0, 0, 0)\" class=\"has-inline-color has-vivid-red-color\">Musica Iberia \u2013 Romantische Leidenschaft und aparter Glanz<\/mark><\/strong><\/h2>\n\n\n\n<p><strong>Samstag, 6. Juni 2026 \u2022 19.30 Uhr<\/strong><\/p>\n\n\n\n<p>Karten zu 23 Euro<\/p>\n\n\n\n<p>Leidenschaftliche, virtuose und temperamentvolle Musik aus Portugal und Spanien lieben Mirjam und Wieland Meinhold aus Weimar. Die beiden Musiker sind in Suderburg keine Unbekannten und musizierten wiederholt mit ausgesuchten Programmen. Diesmal werden Arien, Lieder, Recercaden und Variationen von edlen fr\u00fchbarocken Meistern wie Ortiz und Lopez ebenso zu erleben sein wie ber\u00fchrende romantische Musik von der iberischen Halbinsel: Barrera, Granados, Rodrigo und de Falla.<\/p>\n\n\n\n<hr class=\"wp-block-separator has-alpha-channel-opacity\"\/>\n\n\n\n<figure class=\"wp-block-image size-large\"><img loading=\"lazy\" decoding=\"async\" width=\"1024\" height=\"1024\" src=\"https:\/\/xn--hrsaal-suderburg-mwb.de\/wp-content\/uploads\/2024\/10\/PRESSEFOTO-I-Emanuel-Maxi-Q-1024x1024.jpg\" alt=\"\" class=\"wp-image-600\" srcset=\"https:\/\/xn--hrsaal-suderburg-mwb.de\/wp-content\/uploads\/2024\/10\/PRESSEFOTO-I-Emanuel-Maxi-Q-1024x1024.jpg 1024w, https:\/\/xn--hrsaal-suderburg-mwb.de\/wp-content\/uploads\/2024\/10\/PRESSEFOTO-I-Emanuel-Maxi-Q-300x300.jpg 300w, https:\/\/xn--hrsaal-suderburg-mwb.de\/wp-content\/uploads\/2024\/10\/PRESSEFOTO-I-Emanuel-Maxi-Q-150x150.jpg 150w, https:\/\/xn--hrsaal-suderburg-mwb.de\/wp-content\/uploads\/2024\/10\/PRESSEFOTO-I-Emanuel-Maxi-Q-768x768.jpg 768w, https:\/\/xn--hrsaal-suderburg-mwb.de\/wp-content\/uploads\/2024\/10\/PRESSEFOTO-I-Emanuel-Maxi-Q-1536x1536.jpg 1536w, https:\/\/xn--hrsaal-suderburg-mwb.de\/wp-content\/uploads\/2024\/10\/PRESSEFOTO-I-Emanuel-Maxi-Q-2048x2048.jpg 2048w, https:\/\/xn--hrsaal-suderburg-mwb.de\/wp-content\/uploads\/2024\/10\/PRESSEFOTO-I-Emanuel-Maxi-Q-100x100.jpg 100w\" sizes=\"auto, (max-width: 767px) 89vw, (max-width: 1000px) 54vw, (max-width: 1071px) 543px, 580px\" \/><figcaption class=\"wp-element-caption\">Emanuel &amp; Maxi<\/figcaption><\/figure>\n\n\n\n<h2 class=\"wp-block-heading\"><strong><mark style=\"background-color:rgba(0, 0, 0, 0)\" class=\"has-inline-color has-vivid-red-color\">Emanuel &amp; Maxi<\/mark><\/strong><\/h2>\n\n\n\n<p><strong>Freitag, 26. Juni 2026 \u2022 19.30 Uhr<\/strong><\/p>\n\n\n\n<p>Karten zu 23 Euro<\/p>\n\n\n\n<p><strong>Rock\u2019n Roll, Blues, Boogie-Woogie, Evergreens und Popmusik<\/strong><\/p>\n\n\n\n<p>Der Pianist und S\u00e4nger <strong>Emanuel Jahreis <\/strong>hat diesmal den Ausnahmeschlagzeuger und Sideman <strong>Maximilian Suhr<\/strong> als Unterst\u00fctzung mitgebracht! Mit virtuosem Rock&#8217;n Roll, Boogie-Woogie und vielen Evergreens sorgen die beiden f\u00fcr ein Gute-Laune-Feuerwerk der Extraklasse.<\/p>\n\n\n\n<p>Ganz unter dem Motto \u00bbdie Boogiem\u00e4nner\u00ab pr\u00e4sentieren Emanuel &amp; Maxi neben Eigenkompositionen mit deutschen Texten, auch englischsprachige Titel. Geschichten, die das Leben schrieb und die mit einem zwinkernden Auge erz\u00e4hlt werden. Jede Menge witzige Showelemente laden au\u00dferdem zum Tanzen, Mitsingen und Mitklatschen ein.&nbsp;<\/p>\n\n\n\n<p>\u2026und wie einst ein Zeitungsreporter fragen Sie sich am Ende des Tages sicherlich auch: \u00bbHat Emanuel wirklich nur zehn Finger?\u00ab<\/p>\n\n\n\n<hr class=\"wp-block-separator has-alpha-channel-opacity\"\/>\n\n\n\n<figure class=\"wp-block-image size-large\"><a href=\"https:\/\/www.martin-sierp.de\" target=\"_blank\" rel=\" noreferrer noopener\"><img loading=\"lazy\" decoding=\"async\" width=\"732\" height=\"1024\" src=\"https:\/\/xn--hrsaal-suderburg-mwb.de\/wp-content\/uploads\/2025\/10\/Pressefoto_FalscherHase\u00a9Martin-Sierp-732x1024.jpg\" alt=\"\" class=\"wp-image-727\" srcset=\"https:\/\/xn--hrsaal-suderburg-mwb.de\/wp-content\/uploads\/2025\/10\/Pressefoto_FalscherHase\u00a9Martin-Sierp-732x1024.jpg 732w, https:\/\/xn--hrsaal-suderburg-mwb.de\/wp-content\/uploads\/2025\/10\/Pressefoto_FalscherHase\u00a9Martin-Sierp-214x300.jpg 214w, https:\/\/xn--hrsaal-suderburg-mwb.de\/wp-content\/uploads\/2025\/10\/Pressefoto_FalscherHase\u00a9Martin-Sierp-768x1075.jpg 768w, https:\/\/xn--hrsaal-suderburg-mwb.de\/wp-content\/uploads\/2025\/10\/Pressefoto_FalscherHase\u00a9Martin-Sierp-1097x1536.jpg 1097w, https:\/\/xn--hrsaal-suderburg-mwb.de\/wp-content\/uploads\/2025\/10\/Pressefoto_FalscherHase\u00a9Martin-Sierp.jpg 1429w\" sizes=\"auto, (max-width: 732px) 100vw, 732px\" \/><\/a><figcaption class=\"wp-element-caption\">\u00a9 Martin Sierp<\/figcaption><\/figure>\n\n\n\n<h2 class=\"wp-block-heading\"><strong><mark style=\"background-color:rgba(0, 0, 0, 0)\" class=\"has-inline-color has-vivid-red-color\">FALSCHER HASE! Magic &amp; M\u00f6hr<\/mark><\/strong><\/h2>\n\n\n\n<p><strong>Freitag, 18. September 2026 \u2022 19.30 Uhr<\/strong><\/p>\n\n\n\n<p>Karten zu 23 Euro<\/p>\n\n\n\n<p>Hier kommt endlich das neueste Programm aus der Zauberk\u00fcche von Martin Sierp \u2013 und das ist \u00fcberraschend, witzig, w\u00fcrzig und garantiert mit sensationellem Rezept! Als wandelbarer Magier, Comedian und Allesk\u00f6nner wirft er sich mit Charme, Timing und einer gesunden Portion Selbstironie ins gro\u00dfe Verwirrspiel des Lebens.<\/p>\n\n\n\n<p>In einer Welt voller Blender, Besserwisser und Bio-Orakel fragt er sich: Wer f\u00fchrt hier eigentlich wen an der Nase herum?<\/p>\n\n\n\n<p>Er begegnet Scharlatanen, spielt mit seinem Schatten, ruft den \u00bbF\u00fcrst der Finsternis\u00ab aus dem Keller, zaubert, swingt, flirtet mit dem Publikum und erkl\u00e4rt live auf der B\u00fchne, wie man mit jedem Horoskop alles erreichen kann. Auch nachts.<\/p>\n\n\n\n<p>Ein Abend voller Illusionen, Improvisationen und Identit\u00e4ten \u2013 immer mit der klaren Botschaft: La\u00dft euch nicht hinters Licht f\u00fchren \u2013 au\u00dfer von Martin Sierp. Das lohnt sich!<\/p>\n\n\n\n<p>Martin Sierp ist einer der vielseitigsten und schlagfertigsten deutschen Comedians. Bekannt als Moderator vom Quatsch Comedy Club und den \u00bbSchmidt Mitternachtsshows\u00ab ist er au\u00dferdem ein weltmeisterlich preisgekr\u00f6nter Zauberk\u00fcnstler (\u00fcber 20 nationale und internationale Preise), der auch im Fernsehen zauberhafte Spuren hinterlassen hat \u2013 u. a. bei den Ehrlich Brothers (RTL).<\/p>\n\n\n\n<p>Eine Show f\u00fcr alle \u2013 die wie er \u2013 geh\u00f6rig einen an der M\u00f6hre haben!<\/p>\n\n\n\n<hr class=\"wp-block-separator has-alpha-channel-opacity\"\/>\n\n\n\n<figure class=\"wp-block-image size-full\"><a href=\"https:\/\/nils-heinrich.de\" target=\"_blank\" rel=\" noreferrer noopener\"><img loading=\"lazy\" decoding=\"async\" width=\"800\" height=\"533\" src=\"https:\/\/xn--hrsaal-suderburg-mwb.de\/wp-content\/uploads\/2025\/10\/250225-nils-heinrich-104-hires-foto-marvin-ruppert-Kopie.jpg\" alt=\"\" class=\"wp-image-732\" srcset=\"https:\/\/xn--hrsaal-suderburg-mwb.de\/wp-content\/uploads\/2025\/10\/250225-nils-heinrich-104-hires-foto-marvin-ruppert-Kopie.jpg 800w, https:\/\/xn--hrsaal-suderburg-mwb.de\/wp-content\/uploads\/2025\/10\/250225-nils-heinrich-104-hires-foto-marvin-ruppert-Kopie-300x200.jpg 300w, https:\/\/xn--hrsaal-suderburg-mwb.de\/wp-content\/uploads\/2025\/10\/250225-nils-heinrich-104-hires-foto-marvin-ruppert-Kopie-768x512.jpg 768w\" sizes=\"auto, (max-width: 767px) 89vw, (max-width: 1000px) 54vw, (max-width: 1071px) 543px, 580px\" \/><\/a><figcaption class=\"wp-element-caption\">Nils Heinrich (\u00a9 Marvin Ruppert)<\/figcaption><\/figure>\n\n\n\n<h2 class=\"wp-block-heading\"><strong><mark style=\"background-color:rgba(0, 0, 0, 0)\" class=\"has-inline-color has-vivid-red-color\">Br\u00fcckentage in \u00dcbergangsjacke<\/mark><\/strong><\/h2>\n\n\n\n<p><strong>Freitag, 20. November 2026 \u2022 19.30 Uhr<\/strong><\/p>\n\n\n\n<p>Karten zu 23 Euro<\/p>\n\n\n\n<p>Nils Heinrich hat keine Bedenken bez\u00fcglich seiner ganz pers\u00f6nlichen Zukunft. Jeder mu\u00df heute gucken, wo er ganz pers\u00f6nlich bleibt. Im Flugzeug, im Bunker, im selbstfahrenden Auto, im Flugtaxi. Auch hierzulande. Und Heinrich hei\u00dft Heinrich. Mega! Deutscher geht\u2019s nicht. Er ist fein raus, haha! Dunkelblond, blaugraue Augen. Halt: BlauGRAU, das Blau ist ostdeutsch akzentuiert! Wenn das Justizsystem geschliffen, der Polizeiapparat umgebaut und die Medien synchronisiert wurden, sagt er privat einfach wie fr\u00fcher das, was die da oben h\u00f6ren wollen. Er mu\u00df nur abchecken, wie. Leute unter 20 erreicht man \u00fcber 4chan oder 8kan, wohingegen Menschen zwischen 30 und 50 per WhatsApp kommunizieren. Die eigenen Eltern schicken einem SMS und das Festnetztelefon haben viele nur noch wegen Oma. Und dann fragt man da rein: \u00bbWas findest du cringe, was ist nice, was geht ab?\u00ab<\/p>\n\n\n\n<p>Die Antwort: Mein Nagellack. So ist sie, die Gen-Z. Guckt auf Tiktok Deepfakes und rennt mit T-Shirts rum, auf denen \u00bbNirvana\u00ab oder \u00bbFriends\u00ab steht. Das ist so, als h\u00e4tte Heinrich in den 80ern T-Shirts getragen, auf denen \u00bbComedian Harmonists\u00ab oder \u00bbHeinz R\u00fchmann\u00ab steht. Doch er geht mit der Zeit: wenn er was auf Insta kommentiert, ist das mehrfach codiert: ein rotes Herz bedeutet Liebe, orange hei\u00dft: \u00bbAlles wird gut.\u00ab Eine Aubergine ist ganz schlimm, Blumenkohl hei\u00dft: \u00bbWegen dir hab ich Clamydien.\u00ab Ein Reiter auf einem Pferd bedeutet \u00bbRossmann\u00ab, Rossmann wiederum bedeutet \u00bbDeine Mutter\u00ab. Ganz schlimm ist ein Windrad. Ein Windrad als Emoji hei\u00dft: Es gibt \u00c4rger in der Familie. Schnell weg! Aber wohin?&nbsp;Im Gegensatz zu 80 Prozent der US-Amerikaner hat Heinrich zwar einen Reisepa\u00df. Aber er verreist nicht mehr. H\u00f6chstens nach R\u00fcgen. Eventuell auf den Mars. Da ist es nicht so \u00fcberlaufen.<\/p>\n\n\n\n<p>BR\u00dcCKENTAGE IN \u00dcBERGANGSJACKE<br>Das neue Programm von Nils Heinrich<br>Jetzt mit 40 Prozent weniger Zukunftsangst.<br>Mit Bewegungsmelder. Und: Megalustig!<\/p>\n\n\n\n<hr class=\"wp-block-separator has-alpha-channel-opacity\"\/>\n\n\n\n<figure class=\"wp-block-image size-large\"><a href=\"https:\/\/www.katalyn-huehnerfeld.de\" target=\"_blank\" rel=\" noreferrer noopener\"><img loading=\"lazy\" decoding=\"async\" width=\"726\" height=\"1024\" src=\"https:\/\/xn--hrsaal-suderburg-mwb.de\/wp-content\/uploads\/2026\/03\/Agentin_mit_Scherz_web-726x1024.jpeg\" alt=\"\" class=\"wp-image-771\" srcset=\"https:\/\/xn--hrsaal-suderburg-mwb.de\/wp-content\/uploads\/2026\/03\/Agentin_mit_Scherz_web-726x1024.jpeg 726w, https:\/\/xn--hrsaal-suderburg-mwb.de\/wp-content\/uploads\/2026\/03\/Agentin_mit_Scherz_web-213x300.jpeg 213w, https:\/\/xn--hrsaal-suderburg-mwb.de\/wp-content\/uploads\/2026\/03\/Agentin_mit_Scherz_web-768x1084.jpeg 768w, https:\/\/xn--hrsaal-suderburg-mwb.de\/wp-content\/uploads\/2026\/03\/Agentin_mit_Scherz_web.jpeg 907w\" sizes=\"auto, (max-width: 726px) 100vw, 726px\" \/><\/a><figcaption class=\"wp-element-caption\">Katalyn H\u00fchnerfeld (\u00a9 jeannedegraa.com, n-o-e.com)<\/figcaption><\/figure>\n\n\n\n<h2 class=\"wp-block-heading\"><strong><mark style=\"background-color:rgba(0, 0, 0, 0)\" class=\"has-inline-color has-vivid-red-color\">Agentin mit ScHerz<\/mark><\/strong><\/h2>\n\n\n\n<p><strong>Freitag, 11. Dezember 2026 \u2022 19.30 Uhr<\/strong><\/p>\n\n\n\n<p>Karten zu 23 Euro<\/p>\n\n\n\n<p>Brillant chaotisch schl\u00e4gt sich Katalyn H\u00fchnerfeld \u2013 alias <strong>Agentin mit ScHerz<\/strong> \u2013 durch ihr t\u00e4gliches Fadenkreuz als Mami, Ehefrau, K\u00fcnstlerin, Putzfrau, Sekret\u00e4rin und Hobby-Akrobatin!<\/p>\n\n\n\n<p>Ihr Ziel? Nach einem noch so turbulenten Tag, abends auf der B\u00fchne zu stehen und das Publikum zum Lachen zu bringen.&nbsp;<\/p>\n\n\n\n<p>Ihre Mission? Gegen allgemeine \u00c4ngste, Sorgen und Frust verbreitet sie sowohl zuhause mit den Kleinen als auch am Abend mit den Gro\u00dfen <strong>Herz &amp; Scherz!<\/strong><\/p>\n\n\n\n<p>Ihre Waffen? Storys, Songs &amp; super Slapstick! Katalyn H\u00fchnerfeld &#8211; <strong>Agentin mit ScHerz!<\/strong><\/p>\n\n\n\n<hr class=\"wp-block-separator has-alpha-channel-opacity\"\/>\n\n\n\n<figure class=\"wp-block-image size-large\"><a href=\"https:\/\/www.friedrichundwiesenhuetter.de\" target=\"_blank\" rel=\" noreferrer noopener\"><img loading=\"lazy\" decoding=\"async\" width=\"1024\" height=\"683\" src=\"https:\/\/xn--hrsaal-suderburg-mwb.de\/wp-content\/uploads\/2025\/09\/2025-02-08_2145__5020640_Alltagspoeten-1024x683.jpg\" alt=\"\" class=\"wp-image-722\" srcset=\"https:\/\/xn--hrsaal-suderburg-mwb.de\/wp-content\/uploads\/2025\/09\/2025-02-08_2145__5020640_Alltagspoeten-1024x683.jpg 1024w, https:\/\/xn--hrsaal-suderburg-mwb.de\/wp-content\/uploads\/2025\/09\/2025-02-08_2145__5020640_Alltagspoeten-300x200.jpg 300w, https:\/\/xn--hrsaal-suderburg-mwb.de\/wp-content\/uploads\/2025\/09\/2025-02-08_2145__5020640_Alltagspoeten-768x512.jpg 768w, https:\/\/xn--hrsaal-suderburg-mwb.de\/wp-content\/uploads\/2025\/09\/2025-02-08_2145__5020640_Alltagspoeten-1536x1024.jpg 1536w, https:\/\/xn--hrsaal-suderburg-mwb.de\/wp-content\/uploads\/2025\/09\/2025-02-08_2145__5020640_Alltagspoeten-2048x1366.jpg 2048w\" sizes=\"auto, (max-width: 767px) 89vw, (max-width: 1000px) 54vw, (max-width: 1071px) 543px, 580px\" \/><\/a><figcaption class=\"wp-element-caption\">Friedrich &amp; Wiesenh\u00fctter<\/figcaption><\/figure>\n\n\n\n<h2 class=\"wp-block-heading\"><strong><mark style=\"background-color:rgba(0, 0, 0, 0)\" class=\"has-inline-color has-vivid-red-color\">Auf ein Wort<\/mark><\/strong><\/h2>\n\n\n\n<p><strong>Samstag, 6. Februar 2027 \u2022 19.30 Uhr<\/strong><\/p>\n\n\n\n<p>Karten zu 23 Euro<\/p>\n\n\n\n<p><strong>Friedrich &amp; Wiesenh\u00fctter \u2013 die Alltagspoeten aus Berlin<\/strong><\/p>\n\n\n\n<p>Friedrich &amp; Wiesenh\u00fctter, das ist Alltag \u2013 zum Anfassen verpackt in einen musikalischen Ausnahmezustand. Lieder, die Bilder von ber\u00fchrender Klarheit schaffen.<\/p>\n\n\n\n<p><em>Warnhinweis : Nicht frei von bissiger Ironie<\/em><\/p>\n\n\n\n<p>Gehen Sie mit auf eine Reise zwischen Melancholie und Sarkasmus, um die Widrigkeiten des Lebens mit Seitenblick und Augenzwinkern zu betrachten.&nbsp;Ein Programm jenseits und fernab von allen Trends und Mainstream, handgemacht, ehrlich und authentisch.&nbsp;<\/p>\n","protected":false},"excerpt":{"rendered":"<p>Highway to Health Samstag, 25. April 2026 \u2022 19.30 Uhr Karten zu 23 Euro Wie hei\u00dft es so sch\u00f6n? Lieber 30 Minuten erben als 30 Jahre arbeiten. Auch Inka Meyer hat von ihrer Gro\u00dfmutter so einiges geerbt: Neben funkelnden Augen und spr\u00fchendem Witz leider auch ein Immunsystem, das im Kampf gegen Krankheiten eher Pazifist ist. &hellip; <\/p>\n<p class=\"link-more\"><a href=\"https:\/\/xn--hrsaal-suderburg-mwb.de\/?page_id=15\" class=\"more-link\"><span class=\"screen-reader-text\">\u201eProgramm\u201c <\/span>weiterlesen<\/a><\/p>\n","protected":false},"author":1,"featured_media":0,"parent":0,"menu_order":0,"comment_status":"closed","ping_status":"closed","template":"","meta":{"footnotes":""},"class_list":["post-15","page","type-page","status-publish","hentry"],"_links":{"self":[{"href":"https:\/\/xn--hrsaal-suderburg-mwb.de\/index.php?rest_route=\/wp\/v2\/pages\/15","targetHints":{"allow":["GET"]}}],"collection":[{"href":"https:\/\/xn--hrsaal-suderburg-mwb.de\/index.php?rest_route=\/wp\/v2\/pages"}],"about":[{"href":"https:\/\/xn--hrsaal-suderburg-mwb.de\/index.php?rest_route=\/wp\/v2\/types\/page"}],"author":[{"embeddable":true,"href":"https:\/\/xn--hrsaal-suderburg-mwb.de\/index.php?rest_route=\/wp\/v2\/users\/1"}],"replies":[{"embeddable":true,"href":"https:\/\/xn--hrsaal-suderburg-mwb.de\/index.php?rest_route=%2Fwp%2Fv2%2Fcomments&post=15"}],"version-history":[{"count":112,"href":"https:\/\/xn--hrsaal-suderburg-mwb.de\/index.php?rest_route=\/wp\/v2\/pages\/15\/revisions"}],"predecessor-version":[{"id":774,"href":"https:\/\/xn--hrsaal-suderburg-mwb.de\/index.php?rest_route=\/wp\/v2\/pages\/15\/revisions\/774"}],"wp:attachment":[{"href":"https:\/\/xn--hrsaal-suderburg-mwb.de\/index.php?rest_route=%2Fwp%2Fv2%2Fmedia&parent=15"}],"curies":[{"name":"wp","href":"https:\/\/api.w.org\/{rel}","templated":true}]}}